603 is divided by 137439?
1847
What is the remainder when 328683 is divided by 874?
59
What is the remainder when 133555 is divided by 101?
33
What is the remainder when 168811306 is divided by 56270430?
16
What is the remainder when 793543 is divided by 79347?
73
What is the remainder when 1705 is divided by 280?
25
What is the remainder when 7939889 is divided by 5038?
1
What is the remainder when 686760 is divided by 21430?
1000
Calculate the remainder when 11379477 is divided by 322.
319
What is the remainder when 7529681 is divided by 1075667?
12
Calculate the remainder when 2279395 is divided by 2483.
1
What is the remainder when 13951486 is divided by 586?
584
Calculate the remainder when 3710510 is divided by 45250.
10
Calculate the remainder when 629 is divided by 152.
21
What is the remainder when 4327 is divided by 602?
113
Calculate the remainder when 2177 is divided by 837.
503
Calculate the remainder when 1551328 is divided by 2836.
36
Calculate the remainder when 250185 is divided by 4720.
25
What is the remainder when 3119890 is divided by 315?
130
Calculate the remainder when 14924893 is divided by 162.
157
What is the remainder when 32837 is divided by 2889?
1058
What is the remainder when 5011178 is divided by 3271?
6
Calculate the remainder when 44018 is divided by 4382.
198
What is the remainder when 1514833 is divided by 1944?
457
Calculate the remainder when 3921569 is divided by 5271.
5216
What is the remainder when 5131 is divided by 1786?
1559
Calculate the remainder when 1495351 is divided by 776.
775
What is the remainder when 270560 is divided by 270484?
76
Calculate the remainder when 236387 is divided by 15759.
2
What is the remainder when 86181 is divided by 28629?
294
What is the remainder when 84831 is divided by 235?
231
Calculate the remainder when 2635819 is divided by 36107.
8
What is the remainder when 7646375 is divided by 597?
596
What is the remainder when 7173546 is divided by 87482?
22
Calculate the remainder when 7856202 is divided by 48495.
12
Calculate the remainder when 34905 is divided by 2887.
261
What is the remainder when 29909933 is divided by 4192?
13
Calculate the remainder when 6756566 is divided by 337828.
6
Calculate the remainder when 122137 is divided by 60870.
397
What is the remainder when 33260921 is divided by 2558532?
5
What is the remainder when 940694 is divided by 14039?
81
What is the remainder when 1107374 is divided by 25?
24
What is the remainder when 289284 is divided by 289277?
7
What is the remainder when 2725469913 is divided by 2132?
2129
What is the remainder when 272114 is divided by 33988?
210
What is the remainder when 645023 is divided by 2136?
2087
What is the remainder when 9569 is divided by 412?
93
What is the remainder when 1344952 is divided by 1033?
1019
What is the remainder when 1545218 is divided by 3411?
35
Calculate the remainder when 1034191 is divided by 2064.
127
What is the remainder when 1364166 is divided by 21315?
6
Calculate the remainder when 66499476 is divided by 715048.
12
Calculate the remainder when 806800 is divided by 1582.
1562
What is the remainder when 11351078 is divided by 3783658?
104
What is the remainder when 238145 is divided by 2336?
2209
What is the remainder when 3079150 is divided by 1726?
1692
What is the remainder when 57779 is divided by 19130?
389
What is the remainder when 263402 is divided by 43573?
1964
Calculate the remainder when 2640907 is divided by 10.
7
What is the remainder when 8678600 is divided by 309934?
448
Calculate the remainder when 139103 is divided by 197.
21
Calculate the remainder when 22047100 is divided by 5511748.
108
What is the remainder when 66194 is divided by 133?
93
What is the remainder when 198032 is divided by 17996?
76
What is the remainder when 60986 is divided by 9972?
1154
Calculate the remainder when 155568 is divided by 2209.
938
Calculate the remainder when 22300 is divided by 5304.
1084
What is the remainder when 137129507 is divided by 4299?
5
What is the remainder when 30703 is divided by 274?
15
Calculate the remainder when 153660 is divided by 143.
78
What is the remainder when 27302400 is divided by 758?
756
Calculate the remainder when 1012586 is divided by 29778.
134
What is the remainder when 26493 is divided by 297?
60
Calculate the remainder when 72836 is divided by 14559.
41
What is the remainder when 1387680 is divided by 2715?
315
What is the remainder when 21705063 is divided by 77?
72
Calculate the remainder when 1953383 is divided by 4181.
856
Calculate the remainder when 944211 is divided by 1291.
490
Calculate the remainder when 964629 is divided by 20969.
55
What is the remainder when 23779599 is divided by 146?
141
What is the remainder when 23054391 is divided by 41841?
0
What is the remainder when 6888760 is divided by 3444380?
0
What is the remainder when 2847938 is divided by 103?
91
Calculate the remainder when 10524645 is divided by 350821.
15
Calculate the remainder when 212121790 is divided by 48.
46
Calculate the remainder when 189538 is divided by 61707.
4417
Calculate the remainder when 194607 is divided by 27796.
35
Calculate the remainder when 15882 is divided by 662.
656
What is the remainder when 41873779 is divided by 3806707?
2
What is the remainder when 227827 is divided by 306?
163
Calculate the remainder when 10265510 is divided by 4098.
20
Calculate the remainder when 5177485054 is divided by 384.
382
Calculate the remainder when 5622974 is divided by 5025.
5024
Calculate the remainder when 1429075 is divided by 44521.
4403
Calculate the remainder when 7339 is divided by 6617.
722
What is the remainder when 324987 is divided by 113?
112
Calculate the remainder when 583636 is divided by 158.
142
What is the remainder when 104921265 is divided by 2185859?
33
What is the remainder when 53968 is divided by 36?
4
What is the remainder when 58870930 is divided by 98282?
12
Calculate the remainder when 1155416 is divided by 262.
258
Calculate the remainder when 1379180 is divided by 4691.
26
Calculate the remainder when 10030865 is divided by 10030856.
9
Calculate the remainder when 7294 is divided by 7198.
96
Calculate the remainder when 8777537 is divided by 21.
20
What is the remainder when 1227709 is divided by 9667?
0
What is the remainder when 55832540 is divided by 27?
23
Calculate the remainder when 293308 is divided by 146039.
1230
What is the remainder when 33060 is divided by 31790?
1270
What is the remainder when 6348091 is divided by 214?
209
What is the remainder when 96005 is divided by 13658?
399
What is the remainder when 250096560 is divided by 1186?
1182
Calculate the remainder when 13827026 is divided by 363.
356
What is the remainder when 28659308 is divided by 814?
810
What is the remainder when 2322997 is divided by 1010?
1007
Calculate the remainder when 2363779 is divided by 2363540.
239
What is the remainder when 4714 is divided by 1550?
64
What is the remainder when 5860053 is divided by 32?
21
What is the remainder when 6766850 is divided by 425?
0
Calculate the remainder when 13858485 is divided by 2469.
2457
What is the remainder when 6040048 is divided by 190?
138
Calculate the remainder when 2061952 is divided by 746.
8
What is the remainder when 75269 is divided by 9388?
165
Calculate the remainder when 11114810 is divided by 3704907.
89
Calculate the remainder when 1139272 is divided by 43817.
30
What is the remainder when 624078 is divided by 3758?
250
What is the remainder when 8418753 is divided by 935417?
0
Calculate the remainder when 2314655457 is divided by 117.
114
What is the remainder when 10255670 is divided by 2051133?
5
What is the remainder when 190747 is divided by 1687?
116
What is the remainder when 1269797 is divided by 4150?
4047
Calculate the remainder when 30995485 is divided by 691.
680
Calculate the remainder when 8194135 is divided by 88.
15
Calculate the remainder when 1301098 is divided by 1482.
1384
What is the remainder when 20635305 is divided by 144?
105
What is the remainder when 37111882 is divided by 102?
100
What is the remainder when 18619498 is divided by 500?
498
Calculate the remainder when 217272 is divided by 31025.
97
Calculate the remainder when 683756 is divided b